nder when 605 is divided by 32.
29
What is the remainder when 2707 is divided by 129?
127
Calculate the remainder when 108 is divided by 57.
51
What is the remainder when 95 is divided by 82?
13
Calculate the remainder when 2017 is divided by 255.
232
What is the remainder when 225 is divided by 58?
51
What is the remainder when 2668 is divided by 33?
28
Calculate the remainder when 717 is divided by 90.
87
Calculate the remainder when 15 is divided by 14.
1
Calculate the remainder when 201 is divided by 25.
1
What is the remainder when 1074 is divided by 12?
6
Calculate the remainder when 461 is divided by 77.
76
Calculate the remainder when 111 is divided by 23.
19
Calculate the remainder when 150 is divided by 23.
12
What is the remainder when 19 is divided by 3?
1
What is the remainder when 61 is divided by 16?
13
Calculate the remainder when 1646 is divided by 25.
21
What is the remainder when 115 is divided by 47?
21
What is the remainder when 93 is divided by 31?
0
What is the remainder when 105 is divided by 7?
0
Calculate the remainder when 445 is divided by 250.
195
What is the remainder when 608 is divided by 302?
4
Calculate the remainder when 460 is divided by 112.
12
What is the remainder when 561 is divided by 18?
3
What is the remainder when 183 is divided by 29?
9
Calculate the remainder when 1042 is divided by 149.
148
Calculate the remainder when 17 is divided by 11.
6
Calculate the remainder when 55353 is divided by 21.
18
What is the remainder when 244 is divided by 49?
48
Calculate the remainder when 136 is divided by 91.
45
Calculate the remainder when 1997 is divided by 143.
138
Calculate the remainder when 346 is divided by 51.
40
What is the remainder when 18 is divided by 2?
0
What is the remainder when 1640 is divided by 463?
251
Calculate the remainder when 1052 is divided by 177.
167
What is the remainder when 813 is divided by 31?
7
What is the remainder when 144 is divided by 21?
18
What is the remainder when 97 is divided by 50?
47
What is the remainder when 61 is divided by 13?
9
What is the remainder when 902 is divided by 82?
0
What is the remainder when 61738 is divided by 245?
243
Calculate the remainder when 115 is divided by 44.
27
Calculate the remainder when 3889 is divided by 1289.
22
Calculate the remainder when 167 is divided by 29.
22
What is the remainder when 9645 is divided by 18?
15
Calculate the remainder when 68 is divided by 25.
18
Calculate the remainder when 382 is divided by 189.
4
Calculate the remainder when 4533 is divided by 9.
6
Calculate the remainder when 82 is divided by 42.
40
Calculate the remainder when 1390 is divided by 28.
18
What is the remainder when 1611 is divided by 513?
72
What is the remainder when 690 is divided by 8?
2
Calculate the remainder when 1191 is divided by 1175.
16
What is the remainder when 487 is divided by 100?
87
Calculate the remainder when 605 is divided by 181.
62
Calculate the remainder when 167 is divided by 21.
20
Calculate the remainder when 634 is divided by 4.
2
What is the remainder when 780 is divided by 112?
108
What is the remainder when 2681 is divided by 167?
9
Calculate the remainder when 846 is divided by 170.
166
Calculate the remainder when 876 is divided by 14.
8
What is the remainder when 209 is divided by 89?
31
Calculate the remainder when 2536 is divided by 842.
10
Calculate the remainder when 4429 is divided by 337.
48
What is the remainder when 888 is divided by 15?
3
Calculate the remainder when 9621 is divided by 24.
21
Calculate the remainder when 177 is divided by 40.
17
Calculate the remainder when 457 is divided by 24.
1
What is the remainder when 53 is divided by 11?
9
What is the remainder when 143 is divided by 17?
7
Calculate the remainder when 854 is divided by 19.
18
Calculate the remainder when 156 is divided by 3.
0
Calculate the remainder when 13154 is divided by 143.
141
Calculate the remainder when 271 is divided by 13.
11
Calculate the remainder when 84 is divided by 18.
12
What is the remainder when 125 is divided by 16?
13
Calculate the remainder when 9617 is divided by 26.
23
Calculate the remainder when 178 is divided by 161.
17
Calculate the remainder when 314 is divided by 141.
32
Calculate the remainder when 344 is divided by 135.
74
Calculate the remainder when 485 is divided by 80.
5
What is the remainder when 2111 is divided by 75?
11
What is the remainder when 132 is divided by 34?
30
What is the remainder when 1700 is divided by 172?
152
What is the remainder when 978 is divided by 487?
4
What is the remainder when 3743 is divided by 48?
47
What is the remainder when 2443 is divided by 47?
46
Calculate the remainder when 450 is divided by 40.
10
Calculate the remainder when 88 is divided by 22.
0
Calculate the remainder when 85 is divided by 21.
1
What is the remainder when 313 is divided by 118?
77
What is the remainder when 85 is divided by 31?
23
Calculate the remainder when 1754 is divided by 160.
154
Calculate the remainder when 251 is divided by 123.
5
What is the remainder when 543 is divided by 111?
99
What is the remainder when 990 is divided by 71?
67
What is the remainder when 4210 is divided by 2102?
6
Calculate the remainder when 1254 is divided by 35.
29
Calculate the remainder when 592 is divided by 54.
52
What is the remainder when 2009 is divided by 28?
21
What is the remainder when 310 is divided by 99?
13
What is the remainder when 72 is divided by 30?
12
Calculate the remainder when 305 is divided by 138.
29
Calculate the remainder when 133 is divided by 24.
13
What is the remainder when 334 is divided by 71?
50
Calculate the remainder when 7012 is divided by 7.
5
What is the remainder when 423 is divided by 110?
93
Calculate the remainder when 97 is divided by 4.
1
Calculate the remainder when 46 is divided by 11.
2
What is the remainder when 551 is divided by 242?
67
What is the remainder when 987 is divided by 19?
18
What is the remainder when 460 is divided by 33?
31
What is the remainder when 59 is divided by 13?
7
What is the remainder when 2278 is divided by 29?
16
Calculate the remainder when 3328 is divided by 333.
331
Calculate the remainder when 166 is divided by 73.
20
What is the remainder when 226 is divided by 21?
16
What is the remainder when 2157 is divided by 18?
15
What is the remainder when 867 is divided by 167?
32
What is the remainder when 49 is divided by 25?
24
What is the remainder when 582 is divided by 65?
62
Calculate the remainder when 938 is divided by 934.
4
Calculate the remainder when 654 is divided by 153.
42
What is the remainder when 3577 is divided by 179?
176
Calculate the remainder when 542 is divided by 141.
119
What is the remainder when 330 is divided by 54?
6
Calculate the remainder when 5690 is divided by 121.
3
Calculate the remainder when 239 is divided by 34.
1
What is the remainder when 53 is divided by 19?
15
Calculate the remainder when 88 is divided by 80.
8
Calculate the remainder when 4307 is divided by 310.
277
What is the remainder when 123 is divided by 40?
3
Calculate the remainder when 84 is divided by 22.
18
Calculate the remainder when 261 is divided by 124.
13
Calculate the remainder when 1089 is divided by 150.
39
What is the remainder when 1294 is divided by 216?
214
Calculate the remainder when 185 is divided by 86.
13
Calculate the remainder when 1338 is divided by 67.
65
Calculate the remainder when 200 is divided by 70.
60
Calculate the remainder when 1337 is divided by 53.
12
Calculate the remainder when 393 is divided by 57.
51
Calculate the remainder when 1586 is divided by 393.
14
Calculate the remainder when 171 is divided by 54.
9
Calculate the remainder when 2082 is divided by 17.
8
Calculate the remainder when 309 is divided by 62.
61
What is the remainder when 293 is divided by 77?
62
Calculate the remainder when 1468 is divided by 335.
128
What is the remainder when 5355 is divided by 23?
19
Calculate the remainder when 871 is divided by 148.
131
Calculate the remainder when 159 is divided by 75.
9
What is the remainder when 134 is divided by 129?
5
Calculate the remainder when 2180 is divided by 91.
87
Calculate the remainder when 319 is divided by 84.
67
Calculate the remainder when 908 is divi